{"id":30,"date":"2023-01-20T18:18:39","date_gmt":"2023-01-20T18:18:39","guid":{"rendered":"https:\/\/rgzv-radevormwald.de\/?page_id=30"},"modified":"2023-01-23T20:52:31","modified_gmt":"2023-01-23T20:52:31","slug":"bilder","status":"publish","type":"page","link":"https:\/\/rgzv-radevormwald.de\/?page_id=30","title":{"rendered":"Bilder"},"content":{"rendered":"\n<p>&#8222;<strong>Futter&#8220;<\/strong> <strong>f\u00fcr die Augen<\/strong>&#8230;<br>Mal nur in Form sch\u00f6ner <a href=\"https:\/\/rgzv-radevormwald.de\/?page_id=233\" data-type=\"page\" data-id=\"233\">Fotos<\/a>, oder auch als <a href=\"https:\/\/rgzv-radevormwald.de\/?page_id=225\" data-type=\"page\" data-id=\"225\">erz\u00e4hlte Geschichte<\/a> in Kombination mit Bildern.<\/p>\n\n\n\n<figure class=\"wp-block-image size-large\"><img loading=\"lazy\" decoding=\"async\" width=\"1024\" height=\"546\" src=\"https:\/\/rgzv-radevormwald.de\/wp-content\/uploads\/2023\/01\/Pilgrimm-08-1024x546.jpg\" alt=\"\" class=\"wp-image-243\" srcset=\"https:\/\/rgzv-radevormwald.de\/wp-content\/uploads\/2023\/01\/Pilgrimm-08-1024x546.jpg 1024w, https:\/\/rgzv-radevormwald.de\/wp-content\/uploads\/2023\/01\/Pilgrimm-08-300x160.jpg 300w, https:\/\/rgzv-radevormwald.de\/wp-content\/uploads\/2023\/01\/Pilgrimm-08-768x410.jpg 768w, https:\/\/rgzv-radevormwald.de\/wp-content\/uploads\/2023\/01\/Pilgrimm-08-1536x819.jpg 1536w, https:\/\/rgzv-radevormwald.de\/wp-content\/uploads\/2023\/01\/Pilgrimm-08-2048x1093.jpg 2048w\" sizes=\"(max-width: 1024px) 100vw, 1024px\" \/><figcaption class=\"wp-element-caption\">Hier gibt es was zu sehen&#8230;.!<\/figcaption><\/figure>\n","protected":false},"excerpt":{"rendered":"<p>&#8222;Futter&#8220; f\u00fcr die Augen&#8230;Mal nur in Form sch\u00f6ner Fotos, oder auch als erz\u00e4hlte Geschichte in Kombination mit Bildern.<\/p>\n","protected":false},"author":1,"featured_media":0,"parent":0,"menu_order":0,"comment_status":"closed","ping_status":"closed","template":"","meta":{"footnotes":""},"_links":{"self":[{"href":"https:\/\/rgzv-radevormwald.de\/index.php?rest_route=\/wp\/v2\/pages\/30"}],"collection":[{"href":"https:\/\/rgzv-radevormwald.de\/index.php?rest_route=\/wp\/v2\/pages"}],"about":[{"href":"https:\/\/rgzv-radevormwald.de\/index.php?rest_route=\/wp\/v2\/types\/page"}],"author":[{"embeddable":true,"href":"https:\/\/rgzv-radevormwald.de\/index.php?rest_route=\/wp\/v2\/users\/1"}],"replies":[{"embeddable":true,"href":"https:\/\/rgzv-radevormwald.de\/index.php?rest_route=%2Fwp%2Fv2%2Fcomments&post=30"}],"version-history":[{"count":20,"href":"https:\/\/rgzv-radevormwald.de\/index.php?rest_route=\/wp\/v2\/pages\/30\/revisions"}],"predecessor-version":[{"id":247,"href":"https:\/\/rgzv-radevormwald.de\/index.php?rest_route=\/wp\/v2\/pages\/30\/revisions\/247"}],"wp:attachment":[{"href":"https:\/\/rgzv-radevormwald.de\/index.php?rest_route=%2Fwp%2Fv2%2Fmedia&parent=30"}],"curies":[{"name":"wp","href":"https:\/\/api.w.org\/{rel}","templated":true}]}}