{"id":61,"date":"2023-01-20T19:01:02","date_gmt":"2023-01-20T19:01:02","guid":{"rendered":"https:\/\/rgzv-radevormwald.de\/?page_id=61"},"modified":"2023-01-20T20:54:08","modified_gmt":"2023-01-20T20:54:08","slug":"vereinslokal","status":"publish","type":"page","link":"https:\/\/rgzv-radevormwald.de\/?page_id=61","title":{"rendered":"Vereinslokal"},"content":{"rendered":"\n<h2 class=\"wp-block-heading\">Das Lokal f\u00fcr unsere Versammlungen<\/h2>\n\n\n\n<p>Die Adresse lautet:<\/p>\n\n\n\n<p><strong>Gastst\u00e4tte Beverblick<\/strong><br>Wochenendplatz Beverblick 1<br>42499 H\u00fcckeswagen<\/p>\n\n\n\n<p>Liebe Vereinsmitglieder und an der Rassegefl\u00fcgelzucht interessierte G\u00e4ste des Vereins.<\/p>\n\n\n\n<p>In der Gastst\u00e4tte Beverblick haben wir in der Regel einen von der normalen Gaststube getrennten Raum zur Verf\u00fcgung.<br>Wir sind also ungest\u00f6rt und mit den eventuellen G\u00e4sten des RGZV unter uns.<br>Versorgt werden wir mit Getr\u00e4nken und mit immer frisch zubereiteten Gerichten.<br><br><a href=\"https:\/\/www.beverblick.de\/gaststaette\/\">Einen Blick auf die aktuelle Speisekarte und Infos zum Freizeitparadies finden sie hier&#8230;<\/a><\/p>\n\n\n\n<p>Unterhalb des Lokals stehen reichlich Parkpl\u00e4tze zur Verf\u00fcgung.<br>Die Zufahrt erfolgt aus allen Richtungen \u00fcber Mickenhagen in Richtung K\u00e4fernberg.<br>Noch vor K\u00e4fernberg dann rechts abbiegen.<br>Nach etwa 300m erreicht man den rechts ums Eck gelegenen Parklatz.<\/p>\n","protected":false},"excerpt":{"rendered":"<p>Das Lokal f\u00fcr unsere Versammlungen Die Adresse lautet: Gastst\u00e4tte BeverblickWochenendplatz Beverblick 142499 H\u00fcckeswagen Liebe Vereinsmitglieder und an der Rassegefl\u00fcgelzucht interessierte G\u00e4ste des Vereins. In der Gastst\u00e4tte Beverblick haben wir in der Regel einen von der normalen Gaststube getrennten Raum zur Verf\u00fcgung.Wir sind also ungest\u00f6rt und mit den eventuellen G\u00e4sten des RGZV unter uns.Versorgt werden wir [&hellip;]<\/p>\n","protected":false},"author":1,"featured_media":0,"parent":0,"menu_order":0,"comment_status":"closed","ping_status":"closed","template":"","meta":{"footnotes":""},"_links":{"self":[{"href":"https:\/\/rgzv-radevormwald.de\/index.php?rest_route=\/wp\/v2\/pages\/61"}],"collection":[{"href":"https:\/\/rgzv-radevormwald.de\/index.php?rest_route=\/wp\/v2\/pages"}],"about":[{"href":"https:\/\/rgzv-radevormwald.de\/index.php?rest_route=\/wp\/v2\/types\/page"}],"author":[{"embeddable":true,"href":"https:\/\/rgzv-radevormwald.de\/index.php?rest_route=\/wp\/v2\/users\/1"}],"replies":[{"embeddable":true,"href":"https:\/\/rgzv-radevormwald.de\/index.php?rest_route=%2Fwp%2Fv2%2Fcomments&post=61"}],"version-history":[{"count":3,"href":"https:\/\/rgzv-radevormwald.de\/index.php?rest_route=\/wp\/v2\/pages\/61\/revisions"}],"predecessor-version":[{"id":118,"href":"https:\/\/rgzv-radevormwald.de\/index.php?rest_route=\/wp\/v2\/pages\/61\/revisions\/118"}],"wp:attachment":[{"href":"https:\/\/rgzv-radevormwald.de\/index.php?rest_route=%2Fwp%2Fv2%2Fmedia&parent=61"}],"curies":[{"name":"wp","href":"https:\/\/api.w.org\/{rel}","templated":true}]}}